divided by b(4).
10
Suppose -60 = -2*r + 218. Suppose 114 = -24*n + 27*n. What is the remainder when r is divided by n?
25
Suppose -6*m + 17*m = 781. Suppose -4*n - n = -4*r - m, 1 = r. Calculate the remainder when 35 is divided by n.
5
Let m be 18/126 - (-408)/(-14). Let w = 58 + m. Let g = 42 - w. What is the remainder when 23 is divided by g?
10
Let d(r) be the third derivative of r**4/4 + 5*r**3/6 - 2*r**2. Suppose 16*c + 9 = 94 + 59. What is the remainder when d(6) is divided by c?
5
Let x = -21 + 25. Let d(v) = 4*v - x*v + 0*v - v - v**3. What is the remainder when 38 is divided by d(-2)?
8
Let v = 2 - 1. Calculate the remainder when 170 is divided by -7 - v/(6/(-252)).
30
Let m be 5/(-2)*-235 + (-28)/(-56). Suppose 307*f - 321*f + m = 0. What is the remainder when f is divided by 10?
2
Let s be (-12524)/(-18) + (-4)/54*-3. Calculate the remainder when 57 is divided by (4/(-6))/((-6280)/s + 9).
28
Let x = 10 - -6. Suppose u = 3*q + 14, 0*q - x = 4*q. Suppose -u*s + 129 = s. What is the remainder when s is divided by 16?
11
Let a(v) = -v**2 + 15*v + 680. What is the remainder when a(0) is divided by 174?
158
Suppose -15*l + 2767 = -863. What is the remainder when 11614 is divided by l?
240
Let v = -54 - -58. Suppose 3*p = -v*u - 31, 3*u + 6 = -3*p - 21. Calculate the remainder when 14 is divided by 5/4 + (1/u - -1).
0
Suppose 0 = 15*i - 487 - 2618. Calculate the remainder when 210 is divided by i.
3
Suppose 39 = 4*i + 9*i. Suppose -3 = -y - n + 33, 2*n - 108 = -i*y. Calculate the remainder when y is divided by 26.
10
Let m(g) = -34*g + 68. Let k be m(-3). Let u = k - 83. What is the remainder when u is divided by 15?
12
Let l = 31 - 8. Let m = -15693 - -15705. Calculate the remainder when l is divided by m.
11
Let z = 5010 - 4976. Calculate the remainder when 249 is divided by z.
11
Suppose 5*q - 70 = -50. Calculate the remainder when 94 is divided by q.
2
Let y = -3331 - -3432. Calculate the remainder when y is divided by 26.
23
Suppose -2*i = 3*p - 3*i - 4, -3*i = 3*p - 12. Suppose 25*b - 27*b = -108. Calculate the remainder when p/(-9) + 1038/b is divided by 10.
9
Let s = 696 - 903. What is the remainder when 236 is divided by (5 - s/(-63))*7?
8
Let r = 1485 - 233. What is the remainder when r is divided by 620?
12
Suppose 270*d + 52*d = 89*d + 448059. Calculate the remainder when d is divided by 57.
42
Suppose -2*m - 2*m = -28. Suppose 18 - m = k. Let r = -309 - -312. What is the remainder when k is divided by r?
2
Let i be (-1)/(-4) - 33*(-6)/72. Suppose -5*p - 1 = -b + 9, 2*b = i*p + 27. Calculate the remainder when 35 is divided by b.
5
Let y = 20156 - 17439. Calculate the remainder when y is divided by 34.
31
Suppose 3*o + 15 = 0, 0 = -0*i - 3*i - o + 4. Suppose -10*j - 4 = -3 - 21. Calculate the remainder when 38 is divided by (i/j)/(20/200).
8
Let v(t) = -t**3 + 11*t**2 - 26*t + 11. Let g be v(11). Let h = -236 - g. What is the remainder when 108 is divided by h?
30
Suppose -60*c + 61*c - 4*y = 7, 5*y + 14 = 3*c. What is the remainder when 372 is divided by (-2 + 23)/((-2 + c)/3)?
57
Let c = -684 - -726. Let m(d) = d**2 - d - 9. Calculate the remainder when c is divided by m(-4).
9
Suppose -4*h - 216*p + 153 = -215*p, -2*h - p + 75 = 0. What is the remainder when h is divided by 13?
0
Suppose 6*b = 3*b + 36. Let n be 17 - ((-12)/(-10))/(22/55). Suppose -20 = n*p - 15*p. Calculate the remainder when p is divided by b.
8
Let q be 4 - ((-3405)/(-20) - 5/20). Let s = q - -170. Calculate the remainder when 137 is divided by s.
1
Suppose -855*a - 4*d = -854*a - 214, d + 410 = 2*a. Let f(t) = t**2 - 2*t - 8. Calculate the remainder when a is divided by f(6).
14
Suppose w - 95*a - 314 = -99*a, 4*w + 3*a = 1217. What is the remainder when w is divided by (-56)/5*5/(-2)?
22
Suppose -5*f = -40 + 15. Suppose -4*h + 1513 = f*k, 5*h - 387 = -5*k + 1123. What is the remainder when k is divided by 17?
16
Let k(y) = -y + 6. Let h be k(4). Suppose -340 = h*g - 12*g. Calculate the remainder when g is divided by 9.
7
Suppose 4*f = -2*w + 198 + 302, 0 = w. What is the remainder when 24*(-6)/(-4) - f/(-25) is divided by 11?
8
Let x(h) = 2*h**2 - 95*h - 262. Calculate the remainder when x(-18) is divided by 175.
171
Suppose -4*h + 538 - 443 + 593 = 0. What is the remainder when h is divided by 45?
37
Suppose 7*r = -1652 + 3087. What is the remainder when 950 is divided by r?
130
Let i(p) = 24*p**2 + 885*p - 34. Calculate the remainder when i(-38) is divided by 142.
140
Let g = 22530 - 22497. What is the remainder when g is divided by 1/(-1) + 0 + 14?
7
Suppose 774*p - 16263 = -186*p - 1236*p + 389*p. Let l(x) = 0 + 2 - 7*x + 2*x**2 + x**2. Calculate the remainder when l(5) is divided by p.
6
Let s(o) = -o**3 - 19*o**2 + 128*o - 15. Calculate the remainder when s(-25) is divided by 67.
66
Let t(u) = -8*u + 128. Let v(l) = -l**3 + 2*l**2 + l + 13. Let p be v(0). What is the remainder when 455 is divided by t(p)?
23
Let y be (0 - -1) + 7/(7/4). Suppose 0 = -y*i - i + 858. Calculate the remainder when i is divided by 29.
27
Suppose 166*g - 449582 = -120*g + 48*g. What is the remainder when 5673 is divided by g?
6
Suppose 4*q - 559 = -3*n, -213 = -n + 109*q - 107*q. Calculate the remainder when 809 is divided by n.
21
Let d(p) = -7*p + 90. Let f(r) = 18*r - 272. Let g(c) = -8*d(c) - 3*f(c). Calculate the remainder when g(0) is divided by 33.
30
Suppose 3*m = -26*m + 348. Let g(t) = -t**2 - 6*t + 1. Calculate the remainder when m is divided by g(-5).
0
Let x(b) = -7*b**2 - 6*b - 50. Let d be x(-6). Suppose -2*w = -k - 0*k + 12, 12 = k + 2*w. Calculate the remainder when 2/(-8 + 0) - d/8 is divided by k.
9
Suppose 346*p = 22773 - 3021 + 1354. What is the remainder when 1349 is divided by p?
7
Suppose -1210*u + 1243*u - 15114 = 0. What is the remainder when u is divided by 159?
140
Let a(q) = -987 + 474 + 9*q + 446. What is the remainder when 113 is divided by a(10)?
21
Let m = 19 - -32. What is the remainder when m is divided by (-50 + -28 + 80)*93/6?
20
Let q(a) = -9*a - 101. Suppose y = 2*o + 402, -2*o = 4*y - 1490 - 138. Calculate the remainder when y is divided by q(-15).
32
Let j(y) = -y**3 - 3*y**2 + 5*y + 34. Let q = -725 - -1197. Suppose 0 = -5*m + m + q. What is the remainder when m is divided by j(-4)?
28
Suppose 2*t = 3*v + 311, -5*t + 5*v + 800 = 2*v. Suppose -t + 48 = -5*z. What is the remainder when 89 is divided by z?
20
Let v = 2 - -1. Suppose 2*x = 4*w - 382, -10*w + 187 = -8*w + v*x. What is the remainder when 294 is divided by w?
9
Let t(h) = -19*h - 2466. Calculate the remainder when 2/5 - (-2746)/10 is divided by t(-131).
22
Suppose 0 = -5*i - 2*m + 161, i - 40 = 14*m - 17*m. Calculate the remainder when 35 is divided by i.
4
Suppose -5*z = 201*d - 196*d - 6800, 3*d - 5*z = 4016. What is the remainder when d is divided by 1345?
7
Let n(v) = -2*v**2 - v + 2. Let l be n(1). Let x(a) = 132*a**2 - 3*a - 2. What is the remainder when x(l) is divided by 34?
31
Let s(b) = -9*b - 3*b - 228 + 229. What is the remainder when ((75 - 2) + 1)*15/30 is divided by s(-1)?
11
What is the remainder when (-670 - -1)/((2/(-4))/((-10)/(-20))) is divided by 661?
8
Suppose -2*s + 3*v - 22 = 8*v, -4*s + 5*v - 74 = 0. Calculate the remainder when 342 + 0*8/s is divided by 5.
2
Let l(m) = 2*m + 4*m - 8*m + m - 7. Let d be l(0). Let i = d + 36. What is the remainder when i is divided by 5?
4
Suppose -146*z + 138227 + 7627 = 0. What is the remainder when z is divided by 10?
9
Suppose 2*a = 4*a - 130. Let l = 778 + -778. Suppose -6*f + 8*f + 4*x - 64 = l, -1 = x. What is the remainder when a is divided by f?
31
Let d = -3545 - -3587. Calculate the remainder when 1844 is divided by d.
38
Suppose 91*g - 403 = 1508. What is the remainder when 1300 is divided by g?
19
Let n be 0/(((-44)/55)/((-2)/(-5))). Suppose -12*s + n*s = -2676. What is the remainder when s is divided by 25?
23
Let q be (-1)/4*(1 + -5) - -4. Let a(s) = -s**3 + 2*s**2 + 20*s - 15. Calculate the remainder when 17 is divided by a(q).
7
Suppose 4*x = -4*h + 40, -1533*h - 4*x + 53 = -1528*h. Let m = 47 - -3. What is the remainder when m is divided by h?
11
Suppose 240 = -4*t + 24*t. Suppose -3*m + 3*y = -267, 2*y + 2 = t. What is the remainder when m is divided by 10?
4
What is the remainder when 49